ommon divisor of 18 and p?
9
Suppose 0 = -h - 3*v - 2*v + 19, 0 = 3*h - 3*v - 3. Let z be (-15)/(90/(-889)) - 2/12. What is the highest common factor of z and h?
4
Suppose 3*d - 131 - 205 = 0. Suppose 2203 + 245 + 1416 = 138*g. What is the greatest common factor of d and g?
28
Let n(y) = -y**3 + 9*y**2 + 5*y + 27. Let k be n(6). What is the highest common factor of k and 440?
55
Let f(c) = -5*c - 3*c + 2*c**2 + 2*c. Suppose -12*w = -17*w + 20. Let s be f(w). Calculate the greatest common divisor of 4 and s.
4
Suppose -4*o + 2*u - 3 = -173, 0 = -3*o - 5*u + 121. Let b = -22 + o. Let l = b + -4. Calculate the highest common divisor of l and 24.
8
Let f = -18 + 26. Let i be (120/96)/((-3)/96*(-2 + 1)). Calculate the greatest common factor of f and i.
8
Let o be 23 - ((-10)/(-1) - -4). Calculate the greatest common factor of 6 and o.
3
Let v(g) = 188*g**2 + g - 94. Let w be v(-12). Calculate the greatest common factor of w and 97.
97
Suppose 19 + 5 = 6*v. Suppose v*g = -4*g. Suppose g = -12*f + 9*f + 810. Calculate the greatest common divisor of f and 30.
30
Let a = -1932 + 1936. Suppose r - 5*l - 32 = 8, 0 = -a*r + l + 122. Suppose d - m - 10 = 0, 3*d = -3*m - 0 + 60. What is the highest common divisor of d and r?
15
Let f be (6 - -15) + 23854 + 17. Calculate the greatest common divisor of f and 132.
132
Suppose -k - 1 = 2. Let f(p) = -3*p + 1. Let b be f(k). Suppose 15*m + 915 - 2265 = 0. What is the greatest common divisor of b and m?
10
Suppose v - 2 = j + 3, 9 = 3*v. Let f be -6*j/9 - 8/(-12). What is the highest common factor of f and 2?
2
Suppose 0 = 3*m + l + 35, 0 = 45*m - 41*m + l + 47. Let z be 64 - (-3)/(m/8)*2. Calculate the highest common divisor of z and 135.
15
Suppose 14*x + 1242 = 83*x. Suppose 0 = -10*w + 20. Calculate the greatest common divisor of w and x.
2
Let a = -859 + 959. Calculate the highest common divisor of 220 and a.
20
Let y(d) = -d**3 - 26*d**2 - 133*d + 3. Let o be y(-7). Suppose -9 = -o*p, -4*t = 5*p - 49 - 70. What is the highest common factor of 13 and t?
13
Let n = -881 + 906. Suppose 31*k - n*k = 1512. What is the highest common divisor of k and 168?
84
Suppose -80 + 606 = 36*q - 554. Calculate the highest common divisor of 55 and q.
5
Let r(t) = t**3 + 7*t**2 - 18*t + 6. Let w be r(-9). Let b be 506/w + (-24)/72. Suppose 11*c = 4*c + b. Calculate the highest common divisor of 3 and c.
3
Suppose 896*f - 890*f = 48. Let k(s) = s + 102. Let a be k(f). Calculate the highest common divisor of a and 44.
22
Suppose 2*h = -2*h + 328. Suppose -h = -3*c + 68. Let w = 747 - 737. Calculate the highest common factor of c and w.
10
Let z = 6 + -2. Suppose -a - z = -6. Let v be (4 - (-1 + a)) + 105. What is the highest common divisor of v and 27?
27
Let b be ((-822)/(-4))/((-4)/(-24)). What is the greatest common factor of 959 and b?
137
Let o be (42/6*-13)/(1/(-2)). Let m = o - 169. Calculate the highest common divisor of m and 65.
13
Let k(c) be the third derivative of 5*c**4/4 - 130*c**3/3 - 11*c**2 - 9. Let s be k(9). Calculate the greatest common factor of 610 and s.
10
Let x be 2/14 + (-1260)/(-98). Let y be ((-54)/24)/((-9)/24). Let i(l) = 17*l - 37. Let p be i(y). Calculate the highest common divisor of p and x.
13
Suppose 4*f - m - 3*m = 64, -5*m + 40 = 5*f. Suppose -f*w - 156 = -24*w. Calculate the highest common divisor of w and 1.
1
Let y(g) = -g**3 + 6*g**2 + 2. Let h be y(6). Let z be 2*(h - 1/2). Let a be (2/(-3))/((-2)/522*z). What is the highest common factor of 290 and a?
58
Let n be 10/(-40) + (114/8 - 1). Let y be (n/2)/(((-35)/84)/(-5)). Calculate the greatest common divisor of 65 and y.
13
Let a be (153/12)/(2/8) - -1. Let t be ((-2)/1 - -3)*a. Let m = t + 3. Calculate the highest common factor of 11 and m.
11
Let h = 9022 - 8338. Calculate the highest common divisor of 532 and h.
76
Let q(t) = -2*t - 41. Let i be q(-19). Let a be i/7 + (-9)/(-21) + 1. Let u be a*(-1)/(-2) + (-245)/(-70). What is the highest common factor of 2 and u?
2
Let n = -24 - 32. Let u = n - -67. Suppose -6*v + u + 157 = 0. Calculate the greatest common divisor of v and 7.
7
Let d = -187 + 219. Let i(g) = 2*g**3 + g**2 - g - 1. Let u be i(1). Let k be (-1 - -4)*u + 253. Calculate the greatest common factor of k and d.
32
Suppose 170 = 2*u + 360*l - 355*l, -u + 72 = -4*l. Calculate the highest common divisor of u and 544.
16
Let f(v) = 51*v - 147. Let p be f(8). Calculate the highest common divisor of 27 and p.
9
Let c be 880/48 - 1/3. Let r be (185/(-10))/(2/(-4)). Suppose -r*i + 108 = -28*i. What is the greatest common divisor of c and i?
6
Let j(i) = i**3 - 18*i**2 - 65*i + 11. Let f be j(22). Calculate the highest common divisor of f and 11.
11
Let l = -123 + 125. Let k be l/8 - 2479/(-148). Let p be (-4)/14 + 8358/98. Calculate the greatest common factor of k and p.
17
Let n be (-5560)/(-14) - 1200/1050. Let x(h) = h**2 - 2*h + 44. Let l be x(0). What is the highest common divisor of l and n?
44
Suppose 14*z + 28 + 0 = 0. Let y(p) = -p**2 - 3*p. Let t be y(z). Suppose 5*n - t + 14 = -d, 5*d = -5*n + 20. What is the greatest common divisor of 80 and d?
8
Let r(m) = 2*m**2 + 13*m - 4. Let q be r(-6). Let y be (432/(-90))/(-1 + (-6)/q). Calculate the greatest common factor of y and 228.
12
Suppose 112877 = 166*d - 195219. What is the highest common divisor of 58 and d?
58
Let d = -122 + 232. Suppose -162*u + 506 = -116*u. Calculate the highest common divisor of d and u.
11
Let n = -393 + 397. Suppose -2090 = -n*p + 2630. What is the greatest common divisor of p and 20?
20
Let s(a) = 5*a**2 - 15. Let w(x) = 6*x**2 - 17. Let v(r) = 5*s(r) - 4*w(r). Let b be v(5). Calculate the greatest common factor of 162 and b.
18
Let a(p) = p**3 - 10*p**2 + 10*p - 10. Let k be a(7). Let r = k + 99. Suppose 0 = 6*d + 2*d - 336. Calculate the highest common factor of r and d.
6
Let v(o) = -o**3 - o**2 + 11*o + 23. Let y be v(-2). Suppose -y*a + 6*a - 116 = x, -588 = -5*a + 3*x. What is the greatest common divisor of 40 and a?
40
Suppose 55*c = -106*c + 297045. What is the highest common factor of c and 41?
41
Suppose -6*x + 835 = -2063. Let l = x - 420. Calculate the highest common divisor of l and 45.
9
Let g(u) = -2*u - 42. Let z be g(-20). Let a be -27 + z/(((-16)/(-12))/(-2)). Let h be (-318)/(-16) + (-3)/a. What is the highest common factor of 80 and h?
20
Let r(f) = -f**3 - 13*f**2 - 19*f - 31. Let q be r(-7). Let v be ((-18)/(-8))/(180/q - -1). What is the highest common divisor of 1 and v?
1
Let c be (-8)/(-52) + (-639400)/(-1300). What is the highest common factor of c and 48?
12
Suppose 5*m = 0, 5*y - 2*m + 190 = 3*m. Let b = y + 38. Suppose 33 = 3*r - b*r. What is the greatest common factor of 110 and r?
11
Let d be -4 - (3 - -15*(-4)/12). Let n be (-275)/(-66) + ((-26)/12 - d). What is the greatest common divisor of n and 68?
4
Suppose 3*w = -5*l + 21, w - 5 + 6 = l. Let o(v) = 52 - v**2 + 13*v**3 - 22 - 19 - 16 + 5*v. Let c be o(w). Calculate the greatest common factor of 42 and c.
21
Suppose 15*r = 10*r - 2585. Let j be (r/141)/(1/(-153)). Calculate the greatest common divisor of j and 51.
51
Let h(a) be the third derivative of -a**6/60 - 7*a**5/60 + 11*a**4/24 - a**3 + 15*a**2. Let d be h(-6). Calculate the highest common factor of 24 and d.
12
Let t be ((-80)/(-30))/(2/108). Suppose 28*q - 4038 = 1338. What is the highest common divisor of q and t?
48
Let b(t) = -t**2 - 97*t + 831. Let y be b(-73). Calculate the highest common factor of 9 and y.
9
Suppose 0 = 469*j - 470*j + 4*h + 694, 0 = -4*j + 3*h + 2763. Calculate the greatest common divisor of j and 30.
30
Let k(x) = -x**3 + 8*x**2 - 9*x + 1. Let m be k(7). Let r(s) = 4*s**2 + 18*s + 9. Let g be r(m). What is the highest common factor of 82 and g?
41
Suppose 11*t = 13*t. Suppose -6*b + 33 + 3 = t. Suppose -13*o + 245 = -b*o. Calculate the greatest common divisor of o and 5.
5
Let s(g) = -3*g + 13. Suppose 3*r - 18 = -4*m, 4*m - 30 = -4*r - 10. Suppose -6 = -f - r. Let c be s(f). Calculate the greatest common factor of 1 and c.
1
Let r(g) = -g**3 + 37*g**2 + 28*g - 106. Let a be r(-11). Calculate the greatest common factor of 372 and a.
186
Let g(t) = 3 + 2 - 9 + 3*t + 3. Let c be g(3). Suppose -5*o - z = -58, 6*o - 10*o = -4*z - 56. Calculate the greatest common divis